13 - (-341 + 200)).
111
(-1 - -15) + -6 + -15 + -9 + (-9 - -17)
-8
What is the value of -2 + 15 - (-57 + 21 + 77)?
-28
-17 - ((1 - 0) + 78 + -14) - (15 - 2)
-95
Calculate -26 - (-29 + 25 + -21).
-1
What is 5 - (-16 - 6 - (-10 + (-6 - -11)))?
22
What is 5644 + -5682 - (0 - (0 - 20))?
-58
What is -107 - (65 + -97) - (0 - -14)?
-89
4 + (-16 - (-2 + -4)) - (6 + 16 + 16)
-44
What is the value of (45 - (21 - 19) - 11) + -26 + -2 + -87?
-83
Calculate (-5 - 1) + 47 + (-12 - 18) + 15.
26
What is the value of -5 + 50 - (417 + -415)?
43
What is -13 + (-8 - -1) + -8 + -4 + 22?
-10
Calculate (2 + (49 - 41) - 99) + 35.
-54
What is -9 + 1 - (-391 - -383)?
0
What is 46 + -57 + 20 - -39?
48
What is -10 - (-20 + 3 + -16 + 31 + -18 + -16)?
26
Calculate (-88 + 2 - -1) + (151 - 204 - -61).
-77
Calculate -65 + 61 - -95 - 54.
37
What is -58 + (2 - -35) + -30?
-51
Evaluate 39 - (50 - 67 - -38).
18
Evaluate (5 + -6 - -18) + -67 + 52.
2
Calculate -61 - 189 - (-48 + -86).
-116
What is 60 - (-33 + 83) - (0 + (-9 - -2))?
17
What is the value of (3 - -8 - -1) + (453 - 445) - -57?
77
78 - 192 - (-39 - -26)
-101
What is -5 + (-9 - (-4 + 2)) + (-26 - (-113 + 27))?
48
Evaluate -3 + -3 + -5 - (12 + -44 + 3).
18
Calculate -7 + (-14 - (2 + -4 + 13 + 11)) + -14.
-57
Calculate (2 + 4 + -1 - (9 - 10)) + (2 - 38).
-30
Calculate -16 + -26 + (1 - -1) + (131 - 133).
-42
What is 2 + -51 - (180 - 200)?
-29
What is the value of 3 + (9 + -12 - 11) + 27 + 35?
51
Calculate (-1 + -2 - -2) + (5 - (-6 + 14 + 61)).
-65
Calculate (116 - (19 + 11 + -8)) + -23.
71
What is (0 - -4) + (135 - 145) + -2 + 58?
50
(-5 - (3 - 6)) + (-4 + 3 + 3 - -41)
41
Evaluate 1 - (-19 - -14) - (15 - 15 - -55).
-49
What is the value of 31 - (-28 - (51 + -101))?
9
26 + (3 - (-6 - -74))
-39
What is 74 - (114 + -56) - 47?
-31
5 + -17 + (-10 - -26) + -10 + 16
10
(-2 + -51 - -102) + (4 - -12)
65
Calculate 19 - ((-12 - -5 - 29) + 18 + 6).
31
Calculate 0 - ((1 - -2 - 4 - -3) + 8 + -20).
10
What is the value of 7049 + -7055 - (42 + 0)?
-48
-42 + -9 + -26 + 37 + 1
-39
What is the value of 30 + (-128 + 74 - 10)?
-34
What is (2 - (-2 + 10)) + 4 + (61 - 24 - -36)?
71
Calculate 45 + (-15 + 120 - 90).
60
Evaluate -67 - 51 - (-164 + 109).
-63
Evaluate 9 + (-32 - (-20 - 13)) - -14.
24
What is 2 + -3 - -47 - (101 + (-100 - 16))?
61
What is the value of 1 - (-6 + 4) - (4 + -14)?
13
-9 + -10 + 18 - (20 + -30)
9
What is 30 + (9 - 19) + 19 + -33?
6
What is the value of -1 + -11 + 22 + 16 + 3 + -29?
0
-21 + 34 - (3 - 16) - 13 - 51
-38
-30 - (18 + (25 - -1) + -27)
-47
Evaluate (-7 + -7 - -9) + -50 + -24 + 15.
-64
What is the value of 22 + -11 + 26 + -14 + (-8 - -5)?
20
Calculate 16 + (-20 - (27 + -23)) - 31.
-39
What is the value of 1 - -4 - (12 + (-41 - -15))?
19
Calculate (5 - (9 + -5 + -3) - 3) + (103 - 110).
-6
What is (146 + -45 - 65) + 22?
58
Evaluate 8 - 3 - (11 + -6 + (-16 - -9) - 8).
15
(-115 - -69) + (13 - -3) + -3
-33
Calculate 117 + -119 - (3 - (5 - (-5 + -18))).
23
Calculate 1081 + -993 - (0 + -5).
93
85 + -6 + -32 + -58
-11
Calculate -18 + 10 + 19 + -29.
-18
What is -100 + (5 - 7) - (73 + -60 - 17)?
-98
Calculate -1444 + 1484 - (0 + 53).
-13
Calculate 0 - 1 - ((-69 - -51) + (-5 - -37)).
-15
Evaluate -3 + 18 + -3 + -23 + -72 + 16.
-67
Calculate (25 - (9 + 6 + 3)) + (2 - 7) + -70.
-68
-1 + 32 - (1560 - 1606)
77
Calculate 146 + -64 + -26 + -25.
31
What is -8 + -4 + (13 - (-21 + 10)) + 5?
17
-1 - (19 - (-12 - (8 + (5 - 29))) - 0)
-16
36 + -43 - (35 + -5)
-37
Evaluate -28 + 55 + -34 + 0.
-7
Evaluate 176 + -184 + 2 + -1 + -6.
-13
What is (44 - -1) + -1627 + 1604 + -47?
-25
Calculate -29 + (-7 - -23) + -20 + (11 - 1) - -10.
-13
What is (-26 - -80) + -27 + -20 + (7 - 1)?
13
What is -28 - (-7 + -6) - 0 - 29?
-44
Evaluate (-7 - (-31 - -47)) + 21 + -3.
-5
Evaluate -42 + (-3 - (-120 - -71)).
4
What is the value of -2682 + 2617 - (2 + -3 - (0 + -5))?
-69
Evaluate (-67 - (-31 - 45)) + -60.
-51
-1883 + 1917 - (1 + 63)
-30
Evaluate 180 + -173 + 155 + -54.
108
What is (-4394 - -4392) + 1 + (0 - (-12 - (-2 + 0)))?
9
What is (8 - (-12 + 29)) + 11 + (10 - 0) + -4?
8
(-45 - -149) + -133 - 59
-88
Calculate 2 + 80 + (13 - (-11 - -26)) + 5 + -15.
70
Calculate -166 - (60 + -229) - ((-4 - -2) + 60).
-55
What is 93 - 42 - ((23 - 3) + 4)?
27
Evaluate -74 + 44 + -58 + 60.
-28
Evaluate 15 - 7 - -12 - -19 - -15.
54
Evaluate (-4 + 0 - (-10 + 1)) + (-1 - 8) - -4.
0
Calculate (6 + 7 + -7 - (-79 - -6)) + (-15 - -4).
68
What is -151 + 134 - (1 - -5 - 46)?
23
What is the value of 115 + -76 + -23 + -3 + 15?
28
Evaluate -19 + (2 - (20 + -4 + -26 + 12 + -1)).
-18
Calculate (-70 - -74) + -15 - (-3 - (1 - -1 - -57)).
51
58 + -85 - -28 - (0 - -1) - 12
-12
Evaluate 0 - 53 - (-2215 + 2108).
54
What is 276 + -296 + 143 + 13?
136
What is the value of 110 + 112 + (-170 - 47)?
5
What is the value of (742 + -754 - (21 + 0)) + 33?
0
Calculate -4 + -42 + (-19 - ((7 - 9) + -7)).
-56
What is (-51 + -25 + 64 - (-9 + 4)) + (-60 - -2)?
-65
What is 3 + (0 - -2 - -1) - (707 - 672)?
-29
What is the value of (-128 - -98 - -19) + -133?
-144
Calculate 20 - 29 - 29 - (11 - 1).
-48
Calculate 15 + 1 - (-250 - (-262 + -76)).
-72
What is the value of 4 - -26 - 54 - 15?
-39
What is the value of -75 + (47 - 11) + 32?
-7
Calculate -25 + -35 + 65 + 31.
36
What is (3 - (-334 + 343 + 87 + -1)) + 13 - -13?
-66
Evaluate -5768 + 5813 - (1 + 102).
-58
Calculate 17 - (-3 + -56 + 40).
36
Evaluate -1 + (2 - 47) + 15901 + -15875.
-20
Evaluate -51 + (44 - 14) + (2 - 18) - 17.
-54
Evaluate 1 - 3 - (-63 + 39 + 13) - 152.
-143
What is the value of (-9 - (17 - 30)) + 17 - 65?
-44
Evaluate -19 - 30 - (3 - (8 + 2)).
-42
-4 - (-8 - (-5 - -6)) - (-3 + 5) - 17
-14
What is -11 - ((3 + 6 + -16 - 4) + 33 + 2)?
-35
Calculate (-2 - -1) + -59 + (-4 - -6) + (-1474 - -1477).
-55
3 + 43 + (52 + -39 - (2 + (2 - 2)))
57
Evaluate (3 + -2 + 43 - 0) + 43 + -19 + -25.
43
Evaluate (-3 - -13) + 2 + (14 - 52 - 3).
-29
Evaluate (22 - 42) + 29 + (-5 - 22).
-18
What is (-8 - -15) + (-9 - -1) + -7 + (25 - 61)?
-44
Calculate -157 - (-45 + -79 + 75).
-108
What is (31 + (-1 - -16) - -55) + 5?
106
-39 - (-2 - 45) - ((9 - (-15 + 7)) + -3)
-6
Calculate (-85 - -103 - 34) + 41.
25
Evaluate -23 - (-7 - (-95 + 42) - 2).
-67
What is the value of -18 + 39 + -42 + 19?
-2
What is (-154 - -161) + (-6 - -16) + -2 + 51 + 1?
67
What is 32 + (82 - 46) + 19?
87
What is (31 + 87 - 71) + -56?
-9
What is the value of 6 + (-5 - -41) + -20 + -51?
-29
Calculate (-15 + -102 - -39 - (0 - 11)) + 2.
-65
Evaluate 275 + -113 - (17 + 1) - (-9 + 18).
135
What is ((-100 - -18) + 20 - -27) + (0 - -2)?
-33
Evaluate -7 + 11 - 30 - -86.
60
What is (253 - 289) + (-8 - -11)?
-33
What is 87 + (-24 - 54) + 32?
41
Evaluate -8 - (-29 + 17 + 4 - -82).
-82
Calculate (-2 - -2) + 64 + -221 + 191.
34
What is the value of 943 + -989 + (42 - -2)?
-2
1 + (33 - 26) + -18 + (1 - 18)
-27
What is 90 - (66 + -69 + 70)?
23
What is 119 - 7 - 109 - 26?
-23
Evaluate -120 + 31 - (-65 + 25 - -23).
-72
Evaluate -25 + 31 + -42 + 7 + 1.
-28
-10 + 36 + 0 + 34 + (1 - 3)
58
What is 8 + -18 + 13 + (10 - (-8 - -16)) + -7?
-2
(-2117 + 2063 - (24 + -1)) + (6 - 0)
-71
Evaluate (-33 - -7 - (-20 - -6)) + -33.
-45
Calculate 38 - (34 + (16 - 8 - 20) - 10).
26
What is -4 + (7 + -2 - -3) - 0 - (-25 + 58)?
-29
(-47 - 28) + 31 - (4 - -2)
-50
Evaluate -14 + 6 - (29 - (-2 - -7)) - -8 - 1.
-25
Evaluate 0 - -1 - (5 + (-34 - 14) + 0).
44
Evaluate -15 + 40 + -12 + (-9 - (-5 + -1)).
10
137 + -77 - -6 - (-2 - -17)
51
Calculate -13 + (-126 - -242 - (-1 + 7 + -5)).
102
Calculate (3 - -12 - -3) + (-16 - (57 + 21)).
-76
Evaluate 0 + 35 - (78 + -51).
8
What is the value of -1 + -109 - (-9735 - -9745)?
-120
(26 - 1 - 0) + (17394 - 17391)
28
Evaluate -23 + -2 + (-20 - -7) + 25.
-13
What is the value of 145 - (-6 - -158 - -10)?
-17
-67 + 15 + (9 - 15) + (13 - 7 - 9)
-61
-45 + 73 + -13 - (-18 - -107)
-74
Evaluate 25 + 14 + -48 - (-42 + 17).
16
Calculate (33 - 17) + -52 + 10.
-26
What is the value of ((1 - 9) + 4 - (-5 + -12)) + 29?
42
Evaluate 12 - 66 - ((30 - 24) + 6).
-66
What is the value of (-6 - -19) + (23 + (-25 - -76) - (-2 + -6))?
95
What is the value of -12 - ((26 + -15 - (2 + 20)) + -40)?
39
37 + -84 + 14 - -17
-16
1183 + -1185 + (-4 - (-1 - -12))
-17
Calculate -45 - (31 + -29 + -6 + -6).
-35
Calculate (52 - (-27 + 68)) + (-